 2*v - 951. Let p be 2*1*3/6. Give z(p).
-9
Suppose -71*z = -220 - 241 - 178. Let x(y) = 4*y - 84. Determine x(z).
-48
Let r(g) = g**3 - 28*g**2 + 85*g + 275. Let b be r(24). Let a(d) = -12*d + 115. Determine a(b).
-17
Let q be (-2)/9 + (-705)/(-135). Let t(p) = 2*p + 11. Let g(j) = j + 9. Let r(k) = q*t(k) - 6*g(k). Determine r(2).
9
Let u(l) = -3*l**3 + 15*l**2 + 5*l - 62. Let j(o) = o**3 - 2*o**2 + 14. Let r(d) = -4*j(d) - u(d). Calculate r(-2).
-4
Let k(f) = f**3 + 8*f**2 - 8*f - 9. Let m be 124/(-20) - 3/(-15) - 3. Give k(m).
-18
Suppose 31*l + 635 = 914. Let o(n) = n**3 - 9*n**2 - 3*n + 6. Give o(l).
-21
Let w(p) = 236*p - 481*p + 23 + 237*p - 55 - 20. Calculate w(-10).
28
Let q = 38 - 36. Let s(v) = -4 + 3*v**q - 8*v - 2*v**2 - 3*v**2. Let a be 6/(-12)*(-4 + 14). Give s(a).
-14
Let v(g) = 3*g - 16 - 5 - 9. Suppose -4*l = 4*k - 28, 2*l - 4 = 3*k - 35. Calculate v(k).
-3
Let n = -7 - -10. Let o(q) = 25*q + 3*q**2 - q**3 - 29*q - n + 2*q**3. Suppose -5*r = -0*f - 5*f + 35, 0 = 5*f - 20. Give o(r).
9
Let m(s) = 4*s**3 + 9*s**2 + 6*s - 8. Let w(q) = 13*q**3 + 26*q**2 + 18*q - 17. Let a(z) = -10*m(z) + 3*w(z). Give a(-11).
-26
Let k(a) = -6*a - 2. Let o = -9 - -3. Let n(y) = 14*y + 13. Let m(p) = 58*p + 54. Let s(j) = -6*m(j) + 25*n(j). Let z(r) = o*k(r) - 17*s(r). Give z(4).
3
Let f(i) be the first derivative of -i**4/4 + i**2/2 - 13*i + 1. Suppose -35 - 4 = t. Let d = t - -39. Give f(d).
-13
Let p(w) = -3*w + 3*w**3 + 17*w**2 - 597146 + 597173 - 4*w**3. Determine p(17).
-24
Suppose -357*b + 355*b - 14 = 0. Let j(i) = i - 6. What is j(b)?
-13
Let b(f) = -f**2 + 5*f - 1. Let l(y) = 12*y**2 - 38*y - 1. Let h(i) = -7*b(i) - l(i). Calculate h(-2).
-18
Suppose -3*k + 2714 - 2734 = -5*m, -2*m = 5*k - 39. Let z(o) = -3*o**2 + 10*o + 68. Determine z(m).
-9
Let u be (-26)/(-91) - (-68)/7. Let v(x) = 3 + 4 - 6 + u*x - 16*x. Determine v(-1).
7
Let v(g) = -g**3 - 52*g**2 + 4*g + 210. Let i be v(-52). Let x(z) = 5 + 75*z**i - 5*z - 76*z**2 + 0*z. Suppose 0 = 3*l - 0*l + 12. Calculate x(l).
9
Let b(f) = -9*f**2 + 4*f - 32. Let q(u) = 5*u**2 - 2*u + 16. Let y(m) = 6*b(m) + 11*q(m). Let j = 32929 - 32929. Give y(j).
-16
Let d(t) = t**3 - 8*t**2 - t + 3. Let w(x) = x**3 + 8*x**2 - 10*x - 7. Let b be w(-9). Let o be 3/(1 + b) + -19. Let k(c) = c + 26. Let l be k(o). Give d(l).
-5
Let o(c) = 17*c - 59. Let z be o(3). Let v(j) = -j**3 - 9*j**2 - 6*j + 5. What is v(z)?
-11
Let j(i) = i + 2. Let f(u) = 2*u + 2. Let x(l) = -8*f(l) + 5*j(l). Determine x(-3).
27
Let y(k) = -2*k**2 - 3*k - 2. Let g = 48 - 45. Suppose -g*m - 42 + 33 = 0. Calculate y(m).
-11
Let g(n) = -n**3 + n**2 + n + 114. Suppose 0 = -39*f - 89*f. Give g(f).
114
Let s = -47 - -46. Let k be ((-72)/120)/(s/(-5)). Let o(j) be the second derivative of 3*j**3/2 + 2*j**2 - 2*j. Calculate o(k).
-23
Let b(g) = g**3 - 17*g**2 + 52*g + 1. Let v(q) = -q**3 + 18*q**2 - 52*q + 4. Let z(l) = -2*b(l) - 3*v(l). Give z(17).
3
Let w be 6948/99 + (-10)/55. Suppose w = 118*x - 125*x. Let v(b) = 2*b - 2. Determine v(x).
-22
Let q(f) = -671*f - 20165. Let m be q(-30). Let x(g) = -g - 104. Give x(m).
-69
Suppose 4*g - 14 = -6. Let h(o) = -50*o - g + 6 - 15 + 53*o. Give h(4).
1
Let l(m) be the third derivative of -m**5/60 - 7*m**4/24 + 3*m**3/2 + 33*m**2 + 1. Let z(b) = b**3 + 2*b**2 - 8. Let y be z(0). Determine l(y).
1
Suppose -18*d + 31 + 29 = 276. Let z(l) = -4*l - 4*l + 9*l. Determine z(d).
-12
Let h(b) = -b**3 - 15*b**2 - 2*b - 25. Let i be -19 - (4/(-46) + (-2790)/713). Calculate h(i).
5
Let f(v) = -3*v**2 - v + 2. Let j be -4*(-2)/(-4) + 21. Let x = 20 - j. Suppose -x - 11 = 6*c. What is f(c)?
-8
Let f(h) = -h**2 - h + 10. Suppose -3*n = -4*u - 2304, 8*n - 5*u - 3835 = 3*n. Let r = 764 - n. Give f(r).
10
Suppose -37*c = 465 - 206. Let u(i) = -3*i**2 - 25*i + 5. Give u(c).
33
Let t(o) = o**2 - 4*o - 5. Let b be t(6). Let d = 39 + -34. Let v(s) = -3 - d + 18*s - s**2 - 21*s + 11*s. Determine v(b).
-1
Let k(r) = r**3 - 3*r**2 + r - 2. Let w(y) = -7*y**2 + 7*y - 1. Let p(x) = 9*x**2 - 9*x + 2. Let i(t) = -3*p(t) - 4*w(t). Let d be i(3). What is k(d)?
18
Suppose o = 0, -3*f - 37*o = -34*o. Let s(n) = n**3 + 37. Calculate s(f).
37
Let y(r) be the third derivative of r**6/120 - r**5/5 - r**4/2 - r**3/3 + r**2. Let d(l) = -94*l**3 - 379*l**2 - 13*l + 9. Let h be d(-4). What is y(h)?
11
Let q(t) = 1 + 6*t**2 - 8*t - 4*t**2 - 2 + t**3 - 2 + 0. What is q(-4)?
-3
Let n(k) = 24*k + 18. Suppose 0 = 3*b - 3*w + 9, -123*w + 122*w + 9 = -4*b. Calculate n(b).
-30
Let i(h) = -17*h**3 - 36*h**2 - 59*h - 11. Let d(q) = -6*q**3 - 12*q**2 - 19*q - 3. Let n(u) = 14*d(u) - 5*i(u). Determine n(-7).
55
Suppose -267 = -4*o - 8*f + 7*f, 0 = -o - 2*f + 72. Suppose 4*a - 26 = -4*v + 78, -4*v + 4 = 0. Let q(r) = -1 + 34*r - o*r + a*r. Determine q(4).
-29
Let h = -242 + 256. Let m(y) be the first derivative of h - 1/3*y**3 + 7/2*y**2 - y. Give m(7).
-1
Let a(c) be the second derivative of -4*c**3 + 3*c**2/2 + c + 649. Calculate a(-3).
75
Suppose 6*b = 4*b + 48. Suppose -4*w - 1656 + 1556 = 0. Let a = w + b. Let t(q) = -2*q**2 - 2*q - 1. What is t(a)?
-1
Let z(q) = q + 8. Let p(l) = l + 33 + 5*l - l. Let c(i) = 2*p(i) - 9*z(i). Let d be c(0). Let x(t) = -t**2 - 8*t - 7. Give x(d).
5
Let q(b) = -7*b - 48. Suppose -19*i - 300 - 184 = 25*i. Give q(i).
29
Suppose -5*z + 6 = -3*z. Suppose -5*k + 26 = z*n, 5*k + 2*n - 4*n = 16. Suppose t + 7 = -7*s + 2*s, k*s = 2*t. Let b(c) = 6*c**2 + c. What is b(s)?
5
Let f(g) = -g**3 - 11*g**2 - 35*g - 20. Suppose 8*u = u + 10104 - 10139. What is f(u)?
5
Let v(s) be the first derivative of -s**3/3 - 13*s**2 - 149*s - 2899. Determine v(-16).
11
Let a(o) = 9*o**2 - 5*o + 4. Let s(k) = 132*k**2 - 1053*k - 23. Let c be s(8). What is a(c)?
8
Let s(l) be the first derivative of -7/2*l**2 + 50 + 3*l. Determine s(2).
-11
Let w(f) = f**3 + 25*f**2 + 18*f - 129. Let v(y) = 2*y**3 - 29*y**2 + 97*y - 6. Let q be v(9). Calculate w(q).
15
Let u(z) = -22*z**3 - 3*z**2 - z + 1. Let n(p) = 2*p**3 + p**2. Let o(c) = -4*n(c) - u(c). Let l be 42/(-4) - (-9)/6. Let v = l - -10. Give o(v).
13
Let v(h) be the second derivative of h**5/2 - h**4/4 - h**3/2 - h**2/2 - 652*h. Give v(-1).
-11
Let w(t) = -t**3. Let f(r) be the first derivative of r**5/20 + 5*r**4/4 + 13*r - 6. Let q(k) be the first derivative of f(k). Let l be q(-15). What is w(l)?
0
Let p(o) be the third derivative of -o**6/60 - 5*o**5/12 - 11*o**4/24 + 17*o**3/6 + 1705*o**2 + 2. Determine p(-12).
5
Let a = -101 + 95. Let n(f) = -6 - f - 11 + 17. Let x(m) = -m + 7. Let y(b) = -4*n(b) + x(b). Calculate y(a).
-11
Suppose 0*i + 6 = 3*i. Suppose -4*n + 113 = 29. Let q(j) = -n*j**2 + 3*j + 1 + 17*j**2 - 2*j. What is q(i)?
-13
Let u(q) = q**2 + 5*q - 8. Let m = -42 - -100. Let c = 119 - 54. Let r = m - c. Give u(r).
6
Let y(d) = -d**2 + 7*d + 4. Let x be 5/(-20) + 36/16. Suppose -5*p + x*p = -9. Suppose p*f = -3*f + 42. Calculate y(f).
4
Let l(y) = y**2 - 4*y - 5. Let c = 10 - 5. Let w be -2 + (5/(c/26) - -2). Let k = 30 - w. What is l(k)?
-5
Let c = 57 + -60. Let v(k) = -k**2 + 2*k. Let g(b) = -b**2 + 4*b. Let y(z) = c*g(z) + 4*v(z). Calculate y(-6).
-12
Let n(r) = -r**3 + 6*r**2 + 5*r + 13. Let l(x) = 7*x**2 - 126*x + 126. Let v be l(17). Determine n(v).
-1
Let h(s) be the second derivative of -19*s**3/3 + 43*s**2/2 + 4015*s. Determine h(1).
5
Suppose 5*n - 1 + 16 = 0. Let s be 1*1*(-3)/n. Let m be (0/(3/s))/3. Let z(f) = -f**2 + 7. What is z(m)?
7
Let v be -3 - -2*5/(-10)*-3. Suppose 4*l + 13 - 13 = v. Let i(h) = h + 2. Give i(l).
2
Suppose q - 5*w = 25, 213 - 212 = -5*q + 4*w. Let k(s) = -25*s - 127. Calculate k(q).
-2
Let j(p) = -3*p**2 + 12*p - 11. Let o(t) = -7*t**2 + 27*t - 23. Let r(i) = -3*i**3 - i**2. Let v be r(-1). Let y(f) = v*o(f) - 5*j(f). Determine y(8).
25
Let c(s) = 6*s - 1. Suppose -26*a + 21*a + 10 = 0. Suppose -l + 2*x = 7, 2*x = 3*l + a + 3. Determine c(l).
5
Let j(t) = 16*t + 27. Let y be ((-7)/35)/(19/95). Calculate j(y).
11
Let r(f) = -f**2 - 18*f - 8. Let z be (-132 + 131)/(0 - 2/(-34)). Determine r(z).
9
Let g(q) = -3*q + 138. Let o be 284/6 + 500/(-150). What is g(o)?
6
Suppose 5*z + 4*d = 4*z + 12, -2*z + 20 = 4*d. Let x(v) = v**3 - 12 - 2 + 4 - 28*v**2 + 20*v**2 + v. Calculate x(z).
-2
Let w(p) = p**3 + 2*p**2 - 2*p + 1. Let m be 11 - (2/4 + (-36)